6*n**2 - 38*n**2. Determine x(1).
-8
Let o(g) = -3*g**2 + 17*g - 6. Let p(b) = 7*b + 6*b - 3 - 3*b - 2*b - b**2. Let q(k) = -2*o(k) + 5*p(k). Give q(-4).
-11
Let m = -49 - -46. Let s(x) = -x**3 - 2*x**2 + 5*x + 2. Give s(m).
-4
Suppose -p = -3*m, -p + 3*p - m - 5 = 0. Suppose -4*x + p + 9 = 0. Let n(r) = -2*r - 3*r**3 + 2*r**3 - 6*r**2 + 9*r**2 - 2. Give n(x).
-8
Let s be 9*22/(-24) + (-1)/(-4). Let n(r) = 3*r + 7. Give n(s).
-17
Let d = 1 + 2. Let x(u) = 5*u. Let b(i) = -6*i - 1. Let y(z) = d*b(z) + 4*x(z). Give y(4).
5
Let h(w) = -21 + 6 + 14 - w. Suppose -4*s - 5 = 7. Determine h(s).
2
Let o be (-11)/(-9) - (-32)/(-144). Let u(l) = 2*l**2 + l - 1. What is u(o)?
2
Let t(s) = s - 3. Let q(i) = -2*i + 6. Let c(z) = -4*q(z) - 9*t(z). What is c(3)?
0
Let v(b) = -b**3 - 3*b**2 - 4*b - 1. Let l = -18 + 20. Suppose l*w - 3*w - 3 = 0. Give v(w).
11
Suppose -3 = -q + 1. Suppose 0 = q*n + 24 - 4. Let z(m) = -5*m**2 + 1 + 9*m**2 - 4*m + m**3 - m. Give z(n).
1
Suppose 5*z = 2*z + 9, 3*z = -2*h + 7. Let s(j) be the third derivative of -j**5/60 + j**4/24 + 4*j**2. Calculate s(h).
-2
Let t(o) = o**2 + 8*o - 4. Let x(z) = -z**2 + 12*z - 6. Let c be x(12). What is t(c)?
-16
Let x(h) = -h**3 + 6*h**2 + 8*h + 3. Let z be x(7). Let p = -4 + z. Let m(f) = -f**2 + 6*f + 4. Give m(p).
4
Let f(t) be the first derivative of -t**3/3 + 5*t**2/2 + t + 3. What is f(6)?
-5
Let v(a) = 2 - 7 + 3*a + 5 - 3. Determine v(4).
9
Let k be 6 + (-1 - -4) - 2. Let t be ((-42)/k)/(0 + 1). Let x(y) = y**2 + 6*y - 2. What is x(t)?
-2
Let c be 1/1 + -1 + 1. Let j(l) = 13*l - 4. Let z(f) = f - 1. Suppose 0 = 5*k - 0*q + 4*q + 1, 3*q - 8 = 5*k. Let n(y) = k*j(y) + 4*z(y). Determine n(c).
-9
Let x(j) = -j - 4. Let w be x(-8). Let y(o) be the third derivative of 0*o + 1/12*o**4 - 1/12*o**5 - 2*o**2 + 1/120*o**6 + 1/2*o**3 + 0. Calculate y(w).
-5
Let b(w) = -w + 8. Suppose 3*j + 2*j = -4*v - 44, 2*v = -2. Determine b(j).
16
Let g(s) = s + 3. Let h be (-1 - -4) + 0/(-1). Suppose 0*x - 2*x + 3*b = 20, x = -h*b + 8. Let n be 2 - 4 - x - 2. Determine g(n).
3
Suppose 2*r = -2*r - 4*c + 12, 0 = -5*r + c + 9. Let l be 2*(r + (-18)/4). Let w(v) be the third derivative of -v**4/12 - v**3/3 - 7*v**2. Determine w(l).
8
Let w(p) = p**3 - 4*p**2 + 3*p - 4. Suppose 3*k = -3*m + 8*m - 13, 2*k - 2*m = -2. Determine w(k).
8
Suppose -1 - 7 = -4*a. Suppose 0*n - 4 = -a*n. Let w(u) = -u - 3*u**2 + u**n - 4*u**3 + u**2. Give w(-1).
4
Let i(p) = -15 + 9 - 4*p + p. Calculate i(-4).
6
Let j(u) be the third derivative of -u**8/6720 - u**7/2520 - u**6/240 - u**5/120 - 5*u**4/24 + 3*u**2. Let c(z) be the second derivative of j(z). What is c(-2)?
9
Let z be (-3)/(-2) - 4/(-8). Let k(s) = 2 + s - z. Let q be k(-5). Let l(b) = -b + 1. Give l(q).
6
Let d be (-1 + 2 - 3) + -2. Let w = 6 - 3. Let q(t) = -w*t - t**2 - 4*t + t. What is q(d)?
8
Suppose -2*n + 9 + 19 = 0. Let s(q) = -q - n*q**2 + 4*q**2 - 1 + 6*q**2. What is s(-2)?
-15
Let u(z) = -z**3 + z**2 - 1. Let g(l) = -2*l**3 + 3*l**2 - 4*l. Let c(s) = g(s) - 3*u(s). Let t = -3 + 7. Suppose 0 = -k + 3*k - t. Calculate c(k).
3
Let i(m) = 2 + 4*m + m - 4*m + 3*m**2 + m**3. Let b(p) = -15. Let z(w) = 7. Let d(y) = 6*b(y) + 13*z(y). Let j(t) = -5*d(t) + i(t). What is j(-3)?
-6
Let w(v) = -v**3 + 2*v**2 + 2*v - 1. Suppose -11 - 9 = -2*i - 4*l, 4*i = -l + 5. Suppose i = -4*p - 0*p. Suppose p = 4*t + 2 - 10. Determine w(t).
3
Let q(z) = -5*z. Let t(y) = 11*y. Let k(v) = 13*q(v) + 6*t(v). Let x(a) = -2*a**2 + 6*a - 5. Let d be x(2). Calculate k(d).
-1
Let l(z) = -z**2 + 1. Let t(q) = q**3 + q**2 - 6*q - 3. Let o(k) = -3*l(k) + t(k). Determine o(-5).
-1
Let f(n) = -n - 9. Let r be f(-7). Let h(a) be the third derivative of 1/6*a**3 + 0 + 0*a + 1/24*a**4 + 2*a**2. Calculate h(r).
-1
Let c = -5 + 9. Let m(g) = 0 + 2*g**3 - 2 + c*g**2 - 5*g**3 + 2*g**3. What is m(4)?
-2
Let k(o) = -o**2 + 2*o + 2. Suppose -l - q = -13, l - 6*l = 4*q - 64. Let y = l + -7. Suppose -j - 27 = -y*i - 2, j + 1 = -i. Give k(i).
-6
Let m(h) be the first derivative of h**2 + 5*h + 35. Calculate m(-5).
-5
Let c(h) = -23*h**2 - 10*h - 5. Let k(t) = -58*t**2 - 24*t - 12. Let a(x) = -12*c(x) + 5*k(x). Give a(-1).
-14
Let o(h) = -37*h + 42*h + 1 - 3 + 3. Calculate o(-1).
-4
Let l(k) = 4 + 2 - 3*k**3 + 7*k**2 + 0 + 2*k**3 - 5*k. Calculate l(6).
12
Suppose 0*n + 7*n = 28. Let f(c) = -c**3 + 4*c**2 + 4*c - 2. Calculate f(n).
14
Suppose -3*v + 2*p = 1 + 3, -v + 27 = 5*p. Let x(k) = k**2 - 4*k + k**v + 4 - 2. Let q(s) = -s**3 - 4*s**2 - s - 1. Let n be q(-4). What is x(n)?
8
Let f(b) = 2*b - 5. Let n(w) = 2*w - 5. Suppose -4*g - 5*z = -49, -2*g = 2*z - z - 17. Let x(s) = g*f(s) - 5*n(s). Determine x(5).
5
Let h(f) = -4*f - 3*f**2 + 2*f - f - 6 + 4*f**2. Let c be ((-6)/(-4))/((-3)/(-10)). Give h(c).
4
Suppose q = 2 - 1. Let v(l) = 4 - 4*l + 6*l - 3*l + q. What is v(-6)?
11
Let o(u) be the first derivative of 0*u**2 + 2/3*u**3 + 1/60*u**5 + 0*u - 1/24*u**4 - 1/360*u**6 - 1. Let m(z) be the third derivative of o(z). Give m(3).
-4
Let d(y) = -5*y**2 - 3*y. Let z(h) = 11*h**2 + 7*h. Let s(p) = 5*d(p) + 2*z(p). Give s(-2).
-10
Let p(c) be the third derivative of c**5/60 - c**3/6 + 26*c**2. Give p(2).
3
Let p(v) = -13*v**2 + v**3 - 7 + 2 - 2 + 14*v**2. Calculate p(0).
-7
Let y(b) = -9*b - 29. Let w(k) = -3*k - 10. Let s(i) = 8*w(i) - 3*y(i). What is s(-6)?
-11
Suppose 3*s - 26 = -4*p, 3*s - 2*p - 21 = -5*p. Let m(n) = -6 - 5*n**s + 2*n**2 + 2*n**2 - 9*n. Give m(-6).
12
Let o(j) = j**3 + 6*j**2 + 3*j - 3 + j + j + 0*j**3. Determine o(-5).
-3
Let g = -12 + 6. Let u = 10 + g. Let n(p) = p**3 - 4*p**2 + p + 2. Calculate n(u).
6
Let o(t) = -t**3 - 7*t**2 + 6*t. Let r(p) = 5*p**2 + p**2 + 1 + 7*p**2 - 11*p + 2*p**3. Let h(b) = 5*o(b) + 3*r(b). Give h(-5).
-7
Let a be (2/(-6))/((-2)/24). Suppose 3*n - a*d + 22 = d, 3*n + 3*d = 18. Let i(w) = -3*w**3 + 1. Calculate i(n).
-2
Let d(k) = -4 - k - 2*k**2 - 5*k + k**2. What is d(-5)?
1
Let c(u) = 9 + 60*u - 112*u + 51*u. Calculate c(8).
1
Let u(f) be the first derivative of f**2 + 3*f + 1. Let z(i) = i. Let v be z(3). Calculate u(v).
9
Let d(z) = 5*z**3 + z**2 + z + 1. Suppose 0 = -5*q + 3*n + 31, q - 4*n - 28 = -3*q. Suppose -2*l - 4*b = 10, 0*l + 5 = q*l - 5*b. Give d(l).
-4
Let f = 18 - 11. Let k(j) = 5*j**2 + j**3 - 2 + 2*j**3 - 4*j**3 + 8*j - f. Determine k(6).
3
Let t(r) be the third derivative of -r**6/120 - r**5/12 - r**4/12 - r**3 - 15*r**2. Give t(-4).
-14
Let z(g) be the first derivative of g**3/3 - 2*g**2 - 4*g - 22. What is z(4)?
-4
Suppose 0 = 3*p - 5*p + 12. Let f(n) = -n**2 + n + 1. Let a(g) = -3*g - 6. Let x(y) = a(y) - f(y). Calculate x(p).
5
Let v = -14 - -11. Let c(f) be the second derivative of -f**5/20 - f**4/4 + f**3/6 + 3*f**2/2 - 2*f. What is c(v)?
0
Let j(r) = 10*r**3 + r**2. Suppose -4*s - z - 1 = -0*s, 8 = 3*s - z. Calculate j(s).
11
Let d(u) = u + 4. Let r be (1/3)/(3/(-45)). Give d(r).
-1
Let t(q) be the third derivative of q**6/60 - q**5/60 - 3*q**2. Suppose -4*f + 17 + 3 = 0. Suppose 0 + f = 5*n. Calculate t(n).
1
Let f(t) = 5*t + 1. Let k(q) = -11*q - 1. Let n(h) = -9*f(h) - 4*k(h). Determine n(-5).
0
Let h(c) = 2*c + 5. Suppose 0 = 3*j + 5*u - 7, -2*j = 3*j + 2*u - 18. Let s(t) be the first derivative of t**3/3 - 5*t**2/2 + 1. Let l be s(j). Determine h(l).
-3
Let g(d) = 9*d + 9. Suppose n - 3 = 3. Let t(b) = 5*b + 5. Let j(u) = n*g(u) - 11*t(u). Determine j(-5).
4
Let r(c) = 5*c**3 - 1 + 16*c**2 - 2*c + c - 15*c**2. Give r(-1).
-4
Let w(v) = 2*v - 5. Let k(p) = -p**3 + 6*p**2 + 6*p + 10. Let m be k(7). Let y be (24/18)/(1/m). Determine w(y).
3
Let q be (-4)/14 + (-66)/14. Let m(w) = -w - 6. Calculate m(q).
-1
Let i(x) = 3*x**2 - 7*x**2 + 5*x + 3*x**2 + 1. Let l = -4 - -10. Determine i(l).
-5
Let j = -14 + 6. Let a = j + 19. Let w(g) = -3*g**2 + 4*g - 6. Let u(t) = -8*t**2 + 11*t - 17. Let x(b) = a*w(b) - 4*u(b). What is x(2)?
-2
Suppose 4*c = 13 - 1. Let u(q) = -3*q + 0*q**3 + 0*q**2 - 2*q**2 - c*q**2 - q**3. Let k(l) = l**3 - 6*l**2 - 3. Let j be k(6). What is u(j)?
-9
Let j(n) = -n**3 - 5*n**2 - 2*n - 5. Let i be j(-5). Suppose -4*u + i*u = 2. Suppose u*r = -0*r + 2. Let z(c) = -4*c**3 - c**2 + 2*c - 1. Determine z(r).
-4
Let j(a) = 4*a**2 + a - 1. Let r(c) = 5*c**2. Let u(o) = -3*j(o) + 2*r(o). Let h be u(-3). Let g be (h/4)/3*-12. Let b(k) = 2